{"id":4524,"date":"2015-01-08T15:29:20","date_gmt":"2015-01-08T15:29:20","guid":{"rendered":"http:\/\/fietsenkanoverhuur.nl\/dev\/?page_id=4524"},"modified":"2026-04-06T08:59:42","modified_gmt":"2026-04-06T08:59:42","slug":"home","status":"publish","type":"page","link":"https:\/\/fietsenkanoverhuur.nl\/de\/","title":{"rendered":"Fahrrad- und Kanuverleih ten Brinke"},"content":{"rendered":"\t\t<div data-elementor-type=\"wp-page\" data-elementor-id=\"4524\" class=\"elementor elementor-4524\">\n\t\t\t\t<div class=\"elementor-element elementor-element-237ebd72 e-flex e-con-boxed e-con e-parent\" data-id=\"237ebd72\" data-element_type=\"container\" data-e-type=\"container\">\n\t\t\t\t\t<div class=\"e-con-inner\">\n\t\t\t\t<div class=\"elementor-element elementor-element-5e376f7d elementor-widget elementor-widget-text-editor\" data-id=\"5e376f7d\" data-element_type=\"widget\" data-e-type=\"widget\" data-widget_type=\"text-editor.default\">\n\t\t\t\t<div class=\"elementor-widget-container\">\n\t\t\t\t\t\t\t\t\t<p style=\"text-align: center;\">\u00a0<\/p><h2 class=\"PostHeaderIcon-wrapper\" style=\"text-align: center;\"><span style=\"color: #008000; font-size: 16px; font-family: georgia, palatino, serif;\">Herzlich<strong> willkommen bei Fahrrad- und Kanuverleih ten <\/strong>Brinke\u00a0<\/span><\/h2><p style=\"text-align: center;\"><span style=\"font-size: 12px; color: #000000;\">Zwischen Eibergen und der deutsch-niederl\u00e4ndischen Grenze liegt, inmitten der herrlichen Natur und einiger Bauernh\u00f6fe, der kleine Ort Rekken. Hier befindet sich unser Betrieb, nur 200 Meter vom Grenz\u00fcbergang Oldenkott und nur 150 Meter vom Fluss Berkel entfernt.<\/span><\/p><p style=\"text-align: center;\"><span style=\"font-size: 12px; color: #000000;\">Wir bieten Ihnen nicht nur umfangreiche Fahrrad- und Kanu-Arrangements, sondern k\u00f6nnen Sie auch mit Getr\u00e4nken, Barbecues oder anderen Mahlzeiten versorgen.<br \/>Unsere Terrasse ist ein idealer Zwischenstopp f\u00fcr Radfahrer und Wanderer.<br \/>Wir vermieten Sahara-Zelte, aber Sie sind auch mit Ihrem eigenen Zelt oder Wohnwagen willkommen.<\/span><\/p><p style=\"text-align: center;\"><iframe src=\"https:\/\/www.youtube.com\/embed\/LIp8p9giBBE\" width=\"560\" height=\"315\" frameborder=\"0\" allowfullscreen=\"allowfullscreen\"><\/iframe><\/p><p style=\"text-align: center;\"><span style=\"font-size: 16px;\"><span style=\"color: #008000;\"><strong><span style=\"font-family: georgia, palatino, serif;\">Vom 14. Mei bis 10. Juli\u00a0 Mittwochs bis Sonntags ge\u00f6ffnet<br \/><\/span><\/strong><\/span><strong><span style=\"color: #008000;\">Ab dem 10. Juli Dienstags bis Sonntags <\/span><span style=\"color: #008000;\"><span style=\"font-family: georgia, palatino, serif;\">ge\u00f6ffnet,<\/span><\/span><span style=\"color: #008000;\"><span style=\"font-family: georgia, palatino, serif;\"><br \/><\/span><\/span><\/strong><strong><span style=\"color: #008000; font-family: georgia, palatino, serif;\">\u00a0von 10.00 Uhr bis 18.00 Uhr<\/span><\/strong><\/span><\/p><p style=\"text-align: center;\"><span style=\"font-size: 16px;\"><strong><span style=\"color: #ff0000;\">Am 14. Mai Himmelfahrtstag ge\u00f6ffnet\u00a0<\/span><\/strong><\/span><br \/><span style=\"font-size: 16px;\"><strong><span style=\"color: #ff0000;\">Am 25 Mai Pfingstmontag ge\u00f6ffnet<br \/><\/span><\/strong><strong><span style=\"color: #ff0000;\">von 10.00 Uhr bis 18.00 Uhr<\/span><\/strong><\/span><\/p><p style=\"text-align: center;\"><strong><span style=\"font-size: 13px; color: #008000; font-family: georgia, palatino, serif;\">F\u00fcr Gruppen, sind nach Absprache, Ausnahmen der \u00d6ffnungszeiten m\u00f6glich.<\/span><\/strong><\/p><div class=\"text_exposed_show\" style=\"text-align: center;\"><p><strong><span style=\"font-family: georgia, palatino, serif; font-size: 12px; color: #008000;\">Telefon:\u00a0 +315 45 43 16 26<br \/>Mobil:\u00a0 +316 53 94 19 75<br \/><\/span><\/strong><strong><span style=\"font-size: 13px; color: #008000; font-family: georgia, palatino, serif;\">info@fietsenkanoverhuur.nl\u00a0\u00a0<\/span><\/strong><\/p><\/div><p style=\"text-align: center;\"><span style=\"font-size: 14px; font-family: georgia, palatino, serif; color: #008000;\"><strong>\u00a0 <\/strong><\/span><\/p><p><span style=\"font-size: 14px;\"><strong><span style=\"color: #008000;\">\u00a0<\/span><\/strong><\/span><\/p>\t\t\t\t\t\t\t\t<\/div>\n\t\t\t\t<\/div>\n\t\t\t\t\t<\/div>\n\t\t\t\t<\/div>\n\t\t\t\t<\/div>\n\t\t","protected":false},"excerpt":{"rendered":"<p>\u00a0 Herzlich willkommen bei Fahrrad- und Kanuverleih ten Brinke\u00a0 Zwischen Eibergen und der deutsch-niederl\u00e4ndischen Grenze liegt, inmitten der herrlichen Natur und einiger Bauernh\u00f6fe, der kleine Ort Rekken. Hier befindet sich unser Betrieb, nur 200 Meter vom Grenz\u00fcbergang Oldenkott und nur&#8230;<\/p>\n","protected":false},"author":1,"featured_media":0,"parent":0,"menu_order":0,"comment_status":"closed","ping_status":"closed","template":"","meta":{"footnotes":""},"class_list":["post-4524","page","type-page","status-publish","hentry"],"_links":{"self":[{"href":"https:\/\/fietsenkanoverhuur.nl\/de\/wp-json\/wp\/v2\/pages\/4524","targetHints":{"allow":["GET"]}}],"collection":[{"href":"https:\/\/fietsenkanoverhuur.nl\/de\/wp-json\/wp\/v2\/pages"}],"about":[{"href":"https:\/\/fietsenkanoverhuur.nl\/de\/wp-json\/wp\/v2\/types\/page"}],"author":[{"embeddable":true,"href":"https:\/\/fietsenkanoverhuur.nl\/de\/wp-json\/wp\/v2\/users\/1"}],"replies":[{"embeddable":true,"href":"https:\/\/fietsenkanoverhuur.nl\/de\/wp-json\/wp\/v2\/comments?post=4524"}],"version-history":[{"count":97,"href":"https:\/\/fietsenkanoverhuur.nl\/de\/wp-json\/wp\/v2\/pages\/4524\/revisions"}],"predecessor-version":[{"id":27293,"href":"https:\/\/fietsenkanoverhuur.nl\/de\/wp-json\/wp\/v2\/pages\/4524\/revisions\/27293"}],"wp:attachment":[{"href":"https:\/\/fietsenkanoverhuur.nl\/de\/wp-json\/wp\/v2\/media?parent=4524"}],"curies":[{"name":"wp","href":"https:\/\/api.w.org\/{rel}","templated":true}]}}

<div data-elementor-type="wp-page" data-elementor-id="4524" class="elementor elementor-4524">
				<div class="elementor-element elementor-element-237ebd72 e-flex e-con-boxed e-con e-parent" data-id="237ebd72" data-element_type="container" data-e-type="container">
					<div class="e-con-inner">
				<div class="elementor-element elementor-element-5e376f7d elementor-widget elementor-widget-text-editor" data-id="5e376f7d" data-element_type="widget" data-e-type="widget" data-widget_type="text-editor.default">
				<div class="elementor-widget-container">
									<p style="text-align: center;"> </p><h2 class="PostHeaderIcon-wrapper" style="text-align: center;"><span style="color: #008000; font-size: 16px; font-family: georgia, palatino, serif;">Herzlich<strong> willkommen bei Fahrrad- und Kanuverleih ten </strong>Brinke </span></h2><p style="text-align: center;"><span style="font-size: 12px; color: #000000;">Zwischen Eibergen und der deutsch-niederländischen Grenze liegt, inmitten der herrlichen Natur und einiger Bauernhöfe, der kleine Ort Rekken. Hier befindet sich unser Betrieb, nur 200 Meter vom Grenzübergang Oldenkott und nur 150 Meter vom Fluss Berkel entfernt.</span></p><p style="text-align: center;"><span style="font-size: 12px; color: #000000;">Wir bieten Ihnen nicht nur umfangreiche Fahrrad- und Kanu-Arrangements, sondern können Sie auch mit Getränken, Barbecues oder anderen Mahlzeiten versorgen.<br />Unsere Terrasse ist ein idealer Zwischenstopp für Radfahrer und Wanderer.<br />Wir vermieten Sahara-Zelte, aber Sie sind auch mit Ihrem eigenen Zelt oder Wohnwagen willkommen.</span></p><p style="text-align: center;"><iframe src="https://www.youtube.com/embed/LIp8p9giBBE" width="560" height="315" frameborder="0" allowfullscreen="allowfullscreen"></iframe></p><p style="text-align: center;"><span style="font-size: 16px;"><span style="color: #008000;"><strong><span style="font-family: georgia, palatino, serif;">Vom 14. Mei bis 10. Juli  Mittwochs bis Sonntags geöffnet<br /></span></strong></span><strong><span style="color: #008000;">Ab dem 10. Juli Dienstags bis Sonntags </span><span style="color: #008000;"><span style="font-family: georgia, palatino, serif;">geöffnet,</span></span><span style="color: #008000;"><span style="font-family: georgia, palatino, serif;"><br /></span></span></strong><strong><span style="color: #008000; font-family: georgia, palatino, serif;"> von 10.00 Uhr bis 18.00 Uhr</span></strong></span></p><p style="text-align: center;"><span style="font-size: 16px;"><strong><span style="color: #ff0000;">Am 14. Mai Himmelfahrtstag geöffnet </span></strong></span><br /><span style="font-size: 16px;"><strong><span style="color: #ff0000;">Am 25 Mai Pfingstmontag geöffnet<br /></span></strong><strong><span style="color: #ff0000;">von 10.00 Uhr bis 18.00 Uhr</span></strong></span></p><p style="text-align: center;"><strong><span style="font-size: 13px; color: #008000; font-family: georgia, palatino, serif;">Für Gruppen, sind nach Absprache, Ausnahmen der Öffnungszeiten möglich.</span></strong></p><div class="text_exposed_show" style="text-align: center;"><p><strong><span style="font-family: georgia, palatino, serif; font-size: 12px; color: #008000;">Telefon:  +315 45 43 16 26<br />Mobil:  +316 53 94 19 75<br /></span></strong><strong><span style="font-size: 13px; color: #008000; font-family: georgia, palatino, serif;">info@fietsenkanoverhuur.nl  </span></strong></p></div><p style="text-align: center;"><span style="font-size: 14px; font-family: georgia, palatino, serif; color: #008000;"><strong>  </strong></span></p><p><span style="font-size: 14px;"><strong><span style="color: #008000;"> </span></strong></span></p>								</div>
				</div>
					</div>
				</div>
				</div>

<p>  Herzlich willkommen bei Fahrrad- und Kanuverleih ten Brinke  Zwischen Eibergen und der deutsch-niederländischen Grenze liegt, inmitten der herrlichen Natur und einiger Bauernhöfe, der kleine Ort Rekken. Hier befindet sich unser Betrieb, nur 200 Meter vom Grenzübergang Oldenkott und nur&#8230;</p>
